 255*b + 336. Determine p(-65).
11
Let w(x) = 1218*x - 587. Calculate w(0).
-587
Let l(r) = -812*r - 62461. What is l(-77)?
63
Let h(r) = 279*r + 20. Calculate h(0).
20
Let i(k) = 2*k**3 - 89*k**2 + 875*k + 2505. Determine i(25).
5
Let m(t) = -t**3 + 58*t**2 - 671*t + 26. Give m(16).
42
Let a(o) = 797*o - 1626. Determine a(2).
-32
Let f(a) = a**2 - 988*a - 169398. Calculate f(-149).
15
Let d(z) = 4*z**2 + 16*z + 17. Determine d(6).
257
Let x(s) = -1438*s + 8655. Determine x(6).
27
Let u(a) = 7*a**3 + 2682*a**2 + 373*a - 3751. Calculate u(-383).
79
Let g(u) = -710*u + 140362. Determine g(198).
-218
Let z(v) = 2*v**2 - 2745*v - 72730. Calculate z(-26).
-8
Let v(d) = 10044*d - 7121183. Determine v(709).
13
Let s(g) = -33284*g + 4792946. Calculate s(144).
50
Let o(d) = 4*d**3 - d**2 + 203*d - 627. Determine o(3).
81
Let a(j) = 52*j**2 + 7601*j + 1315. Give a(-146).
1
Let b(i) = -8*i**2 + 67*i + 358. What is b(12)?
10
Let v(b) = -455*b + 11754. Calculate v(21).
2199
Let w(c) = -758*c**2 - 444942*c + 2360. Calculate w(-587).
12
Let l(d) = 1167*d**2 - 22199*d + 356. Calculate l(19).
-138
Let z(l) = l**2 + 73580*l + 220742. Determine z(-3).
11
Let l(h) = -10*h**3 + 10*h**2 + 64*h - 204. Determine l(4).
-428
Let i(r) = -11615*r - 975671. Determine i(-84).
-11
Let q(g) = 15792*g - 31548. Give q(2).
36
Let z(g) = -g**3 + 277*g**2 - 15864*g - 982. Calculate z(81).
-10
Let y(z) = 157705*z - 32171812. What is y(204)?
8
Let b(y) = 218*y**3 - 38803*y**2 - 294*y + 20644. Determine b(178).
-4
Let u(j) = -13*j**3 + 194*j**2 + 44*j - 461. Calculate u(15).
-26
Let c(a) = 46*a**2 - 5293*a + 402. Give c(115).
57
Let u(w) = 5*w**2 + 22*w - 376. Calculate u(-19).
1011
Let z(h) = -2*h**3 - 835*h**2 - 474*h - 23802. Give z(-417).
-33
Let r(d) = 12*d**2 + 159*d - 1950. Calculate r(14).
2628
Let d(c) = 1271*c - 92774. What is d(73)?
9
Let c(s) = -2*s**3 + 213*s**2 + 104*s + 178. What is c(107)?
-143
Let r(i) = -4*i**2 + 230*i - 3358. Give r(34).
-162
Let c(a) = -2*a**2 + 81*a - 179. Determine c(37).
80
Let o(z) = 590*z**2 + 3542*z. Calculate o(-6).
-12
Let n(a) = -187*a**2 + 881*a - 2684. Determine n(3).
-1724
Let u(k) = -15421*k + 555151. What is u(36)?
-5
Let i(u) = -239*u**2 - 5256*u + 35. Calculate i(-22).
-9
Let a(c) = 13701*c - 54406. What is a(4)?
398
Let c(o) = -296*o - 19253. Determine c(-65).
-13
Let k(s) = 43*s**3 + s**2 + 908*s + 1821. What is k(-2)?
-335
Let o(x) = -13*x**2 + 107*x - 10. Calculate o(1).
84
Let c(y) = 2*y**2 + 112976*y + 9701149. What is c(-86)?
5
Let j(q) = 734*q + 8083. Determine j(-11).
9
Let j(s) = -768*s - 60230. What is j(-79)?
442
Let n(g) = 1453*g + 13388. Determine n(-9).
311
Let l(z) = -14*z**2 + 466*z + 1950. Calculate l(37).
26
Let h(l) = -162166*l - 2756827. Give h(-17).
-5
Let n(l) = 823*l - 28629. What is n(35)?
176
Let h(x) = 194805*x + 389623. Give h(-2).
13
Let z(k) = 4*k**3 + 3451*k**2 + 2630*k + 37924. Give z(-862).
-4
Let g(i) = -5*i**3 - 27*i**2 + 174*i - 248. Calculate g(-11).
1226
Let t(h) = 3*h**3 + 54*h**2 - 192*h. Determine t(-21).
63
Let f(k) = -k**2 + 976*k + 49138. Calculate f(-48).
-14
Let a(y) = -1536*y + 340704. Give a(222).
-288
Let s(l) = -l**2 - 8*l + 464. Determine s(-26).
-4
Let s(a) = 628*a**2 - 1465*a + 380. Calculate s(2).
-38
Let f(n) = -12794*n + 818834. What is f(64)?
18
Let g(q) = 7530*q - 451800. Determine g(60).
0
Let n(w) = -900*w - 2724. Determine n(-3).
-24
Let q(w) = w**2 + 85178*w + 2724680. Calculate q(-32).
8
Let d(t) = -78*t - 3713. Determine d(-16).
-2465
Let b(z) = 2936*z + 12635. What is b(-5)?
-2045
Let k(d) = 40*d**2 + 1520*d + 17. Determine k(-38).
17
Let j(n) = 2826*n + 132825. Determine j(-47).
3
Let l(o) = 481*o**2 - 5793*o + 272. Calculate l(12).
20
Let i(t) = -t**3 + 228*t**2 + 2879*t + 247. Determine i(240).
7
Let p(b) = 3*b**2 - 229*b + 409. Calculate p(76).
333
Let q(n) = -364*n**2 + 2204*n - 106. Give q(6).
14
Let u(j) = 2*j**3 + 391*j**2 + 1107*j + 255398. Give u(-196).
10
Let n(t) = -275*t - 9409. Determine n(-26).
-2259
Let c(n) = 6*n**3 + 281*n**2 + 219*n + 12491. What is c(-47)?
-11
Let a(u) = -u**3 - 41*u**2 - 169*u - 339. What is a(-37)?
438
Let u(l) = l**3 - 50*l**2 - 114*l - 121. Determine u(53).
2264
Let j(n) = -n**2 - 7117*n + 49829. Calculate j(7).
-39
Let o(c) = -335*c - 3114. Give o(6).
-5124
Let v(o) = -127*o + 9899. What is v(78)?
-7
Let h(t) = -6*t**3 + 157*t**2 - 17*t - 25. Give h(26).
209
Let m(i) = -i**3 - 9*i**2 - 683*i - 9645. What is m(-13)?
-90
Let b(m) = -6*m**3 + 12*m**2 + 14*m - 21. Give b(-4).
499
Let t(k) = 18099*k + 108990. Calculate t(-6).
396
Let w(c) = -3*c - 315. What is w(31)?
-408
Let a(c) = -286*c**2 - 1106*c - 65. Calculate a(-4).
-217
Let l(c) = 1192*c + 18840. What is l(-16)?
-232
Let i(f) = -8010*f + 128188. Determine i(16).
28
Let z(m) = 863*m**2 - 9*m + 20. What is z(-2)?
3490
Let z(p) = p**3 + 8*p**2 - 8234*p - 65871. Calculate z(-8).
1
Let l(n) = 196*n**2 + 33363*n + 7299. Determine l(-170).
-11
Let a(v) = -v**3 + 31*v**2 + 366*v - 289. Give a(40).
-49
Let o(s) = -4*s**3 + 239*s**2 + 520*s - 27602. Give o(60).
-2
Let z(q) = -46*q**3 - 13*q**2 + 4*q + 67. What is z(3)?
-1280
Let k(f) = 55133*f - 220450. Give k(4).
82
Let l(u) = -u**3 + 5*u**2 - 418*u + 2533. Give l(6).
-11
Let n(b) = 7*b**3 - 223*b**2 - 1237*b + 38557. Give n(32).
-3
Let k(w) = 3*w**2 + 13952*w - 55838. What is k(4)?
18
Let m(w) = 31*w**3 + 218*w**2 - 120*w - 924. Calculate m(-7).
-35
Let k(u) = -8140*u**2 - 81412*u - 1. What is k(-10)?
119
Let g(b) = -906*b - 563148. Calculate g(-621).
-522
Let r(s) = -16281*s + 455873. Determine r(28).
5
Let c(y) = 7084*y - 36152. Calculate c(5).
-732
Let w(k) = 67*k**2 + 16483*k - 84083. What is w(5)?
7
Let j(d) = d**2 + 398578*d - 1992920. Calculate j(5).
-5
Let j(s) = 2*s**3 - 25*s**2 + 90*s - 36. Determine j(3).
63
Let r(g) = -95*g**2 + 7504*g + 50. Calculate r(79).
-29
Let i(l) = 75760*l - 3636481. Give i(48).
-1
Let z(l) = -883*l - 173065. Determine z(-196).
3
Let l(i) = -909*i**2 + 4518*i + 118. Determine l(5).
-17
Let r(d) = 4*d**3 - 41*d**2 + 5*d + 147. Determine r(9).
-213
Let i(s) = 15505*s - 31011. Give i(2).
-1
Let k(j) = j**3 - 131*j**2 - 102*j - 2569. Determine k(132).
1391
Let w(l) = 2*l**3 - 255*l**2 + 2876*l - 155. Determine w(115).
-40
Let v(t) = t**2 + 189*t - 10551. Calculate v(-234).
-21
Let b(i) = -i**2 - 4462*i - 303134. Determine b(-69).
-17
Let f(a) = 152*a**2 + 463*a - 7. Give f(-3).
-28
Let d(m) = 284*m - 41718. Give d(147).
30
Let r(n) = -2647*n**2 + 5289*n + 3. Calculate r(2).
-7
Let v(i) = -i**2 - 191*i + 886. Determine v(5).
-94
Let o(q) = 103*q - 6033. What is o(60)?
147
Let m(q) = -703239*q - 2812955. Determine m(-4).
1
Let k(l) = -3*l**2 + 17093*l + 810012. Give k(-47).
14
Let r(p) = -15575*p + 39108833. Give r(2511).
8
Let o(l) = 9*l**3 - 7*l**2 - 5*l + 10. Give o(1).
7
Let x(z) = -388*z**2 + 43069*z - 119. Give x(111).
-8
Let h(i) = -i**3 + 26*i**2 + 25*i - 2170. Give h(23).
-8
Let c(l) = -2*l**2 + 146*l - 433. Calculate c(57).
1391
Let b(x) = 1089*x + 13980. Give b(-13).
-177
Let m(y) = 1316*y - 7319. Determine m(6).
577
Let q(c) = -70*c**2 + 4193*c + 116. Determine q(60).
-304
Let x(h) = h**3 - 86*h**2 - 1069*h + 148. Give x(97).
-46
Let c(u) = -17*u**2 + 476*u + 475. What is c(-1)?
-18
Let q(z) = 16*z**2 - 4259*z - 25304. Determine q(272).
-8
Let v(f) = -25*f**3 + 23*f**2 + 63*f - 85. Calculate v(-5).
3300
Let v(a) = -a**3 + 185*a**2 + 8482*a + 312. Give v(-38).
8
Let a(m) = -m**2 - 593079*m - 8302911. Give a(-14).
-1
Let r(y) = -68648*y + 1578905. Determine r(23).
1
Let o(f) = 28*f**2 + 936*f - 8459. What is o(9)?
2233
Let u(h) = h**3 + 10*h**2 - 350*h + 5. Calculate u(-21).
2504
Let l(g) = -g**3 - 124*g**2 + 504*g - 63. Give l(-128).
961
Let a(l) = 16030*l + 80121. Determine a(-5).
-29
Let d(k) = k**2 + 251988*k - 24452253. Calculate d(97).
-8
Let b(v) = -v**2 + 264222*v + 12684965. Give b(-48).
5
Let m(l) = l**2 + 840*l - 110925. What is m(116)?
-29
Let a(j) = 2*j**2 - 649*j + 14311. Determine a(302).
721
Let p(q) = -2636*q**3 + 13*q**2 + q - 10. Calculate p(1).
-2632
Let k(a) = 1089*a + 365884. Calculate k(-336).
-20
Let q(y) = 13*y**2 + 927*y + 684. Determine q(-75).
4284
Let k(m) = 2*m**2 - 774*m + 71817. What is k(233)?
53
Let r(z) = -433*z - 51232. Give r(-118).
-138
Let f(q) =